9.
18
Let n(q) = -q**3 + q**2 + 18*q - 1. What is the remainder when 377 is divided by n(4)?
9
What is the remainder when 97 is divided by 13 + 5 + -6 - 1?
9
Calculate the remainder when (-1)/(5/(-430)) - -1 is divided by 18.
15
Suppose 3*m + 0*m - 376 = 4*g, m + g = 130. What is the remainder when m is divided by 19?
14
Let n = 10 + -12. Let y be (13 + n + 1)/(-1). Let s(v) = -2*v - 17. Calculate the remainder when 18 is divided by s(y).
4
Suppose -292 = v - 317. What is the remainder when 172 is divided by v?
22
Let j = -28 + 65. Calculate the remainder when (-1)/(51/6) + (-421857)/(-2907) is divided by j.
34
Calculate the remainder when (-2 - (-4 + 4))*-53 is divided by (-24)/(-56) - (-2250)/42.
52
Let j be (4 - (-1 - 2))*3. Let v = j - 18. Calculate the remainder when 4 is divided by v.
1
Suppose 0 = 5*w - 2*a - 1477, w + 3*a - 277 - 15 = 0. Suppose -6*n = -n - w. Calculate the remainder when n is divided by 16.
11
Suppose -3*n + 6 = 0, 114 = -2*j + 6*j + n. What is the remainder when 99 is divided by j?
15
Let q = 21 + 0. Calculate the remainder when q is divided by (-3)/((0 + -4)/4).
0
Let y(z) = 5*z**2 + 47*z + 30. Calculate the remainder when 102 is divided by y(-9).
6
Suppose 94*p + 790 = 99*p. Let d = -136 + p. Let t = 141 - 98. What is the remainder when t is divided by d?
21
What is the remainder when (-1341)/(-13) + 8/(-52) is divided by 7?
5
Let n = 0 + 47. Suppose 41 = 2*o + 3*q, o - 5*o + 2*q = -42. Let p = o + -1. What is the remainder when n is divided by p?
11
Let s be 2/3 - 14/(-6). Suppose 0 = 2*b - 6 - 4. Suppose b*w + s*o - 52 = 43, -5*o = -5*w + 95. Calculate the remainder when w is divided by 10.
9
Let t be (5/((-30)/(-8)))/((-1)/(-15)). Suppose -5*s = -10*s - f + t, 5 = 2*s + f. What is the remainder when 7 is divided by s?
2
Let k be (-2)/(-6) + (-22)/(-6). Suppose -k*i = -46 + 6. Suppose -2*a + i = -24. Calculate the remainder when a is divided by 5.
2
Let s(b) = -10*b - 106. Calculate the remainder when s(-15) is divided by 26.
18
Let w(y) = -y + 27. Calculate the remainder when 128 is divided by w(-18).
38
Suppose -76 = -3*g - g. Suppose p + 3 = s, -2*p = 5*s - 2*s - g. Calculate the remainder when 28 is divided by s - (0 - -2) - -12.
13
Let p be 4/(-26) - 164/(-52). Suppose j - 1 = 0, -p*j = 4*o - 2*j - 5. Let c(u) = u**3 + 4*u**2 + u - 4. What is the remainder when c(-3) is divided by o?
0
Let s(o) = 5*o + 10. Let l be s(13). Suppose 5*v - 3*w = v + l, -4*v + 69 = 3*w. Let m = v - 13. What is the remainder when m is divided by 3?
2
Suppose -3*k + 552 = k. Suppose -6*i + k = -0*i. Calculate the remainder when 91 is divided by i.
22
Let m = -1131 + 1314. What is the remainder when m is divided by 61?
0
Let n be 4/6 + (-268)/(-12). Let m = n + -8. Let a = 4 + 54. Calculate the remainder when a is divided by m.
13
Suppose -f = 5, 13*b - f - 19 = 11*b. Let v(k) = -k**2 - 5*k + 8. Let y be v(-7). Let r = -4 - y. What is the remainder when b is divided by r?
1
Calculate the remainder when 505 is divided by 21/6*(-92)/(-7).
45
Let r be 414/14 - 1 - 54/(-126). Suppose r*k = 24*k + 25. What is the remainder when k is divided by 2?
1
Suppose w = 2*k + 1 - 14, 4*k - 16 = 4*w. Suppose 266 + k = 5*f. Calculate the remainder when f is divided by 29.
26
Let v(i) = -1336*i**2. Let u be v(-1). Calculate the remainder when 63 is divided by u/(-104) + 2/13.
11
Let f = -59 - -61. Suppose f*k - 4*d + 3*d = 27, 3*k + 2*d - 58 = 0. Suppose 4*y + 39 - 151 = 0. Calculate the remainder when y is divided by k.
12
Suppose 21 = 3*h - 0*h. Suppose -4*n - 2*j - j = -88, 0 = 2*j + 8. What is the remainder when n is divided by h?
4
Let v = 1187 - 1157. Calculate the remainder when 153 is divided by v.
3
Suppose 2*p + 3*q - 8 = 0, 4*p + 5*q = 3 + 9. Let b = p - -10. What is the remainder when b is divided by 2?
0
Let h = -177 - -189. Calculate the remainder when h is divided by 2.
0
Suppose -25*f - 136 + 486 = 0. Calculate the remainder when 66 is divided by f.
10
Let j = -8 + 2. Let u(d) = d**2 + 6*d + 12. Calculate the remainder when 57 is divided by u(j).
9
Let t(u) = u**3 + 8*u**2 + 6*u - 5. Let x be t(-7). Suppose 38 = 2*l - 5*b, -x = -l + 3*b + 15. What is the remainder when l is divided by 2/12 - (-118)/12?
9
Let m be -4 + (14 - -2)/4. Suppose 2*o - 15 = -q, m = 5*q - 9 - 16. Let t(a) = -a**3 - 4*a**2 - 3*a - 3. Calculate the remainder when t(-4) is divided by o.
4
Let l = -389 + 732. What is the remainder when l is divided by 69?
67
Suppose -21*g = -4*g + 470 - 1201. What is the remainder when g is divided by 1*-2 + (-34)/(-2)?
13
Let r(i) = i**2 + i + 1. Let t be r(-2). Suppose 4*k - 2*b - 30 = 0, k - t*b = b + 18. What is the remainder when 13 is divided by k?
1
Calculate the remainder when (-14)/(-9) - 380/(-855) is divided by ((-1)/(-1))/(3 - 2).
0
Let c(a) = 213*a**2 + 2*a - 2. Let i be c(1). What is the remainder when i/(-9)*-1 - 2/(-6) is divided by 16?
8
Suppose 5*a = -4*f + 103 + 154, -440 = -7*f + a. Suppose t = -t - 4, 0 = -4*u + t + 78. Calculate the remainder when f is divided by u.
6
Let a(d) = 2*d**3 - 4*d**2 + 3*d - 2. Let v be a(2). Suppose 0*h + v*h - 48 = 0. What is the remainder when 59 is divided by h?
11
Let m be -2*67/(-2) - 1. Suppose -g = g - m. Let t(q) = 3*q. What is the remainder when g is divided by t(4)?
9
Let v(f) = f**3 - 2*f**2 - 3*f - 4. Let n be v(5). Calculate the remainder when 77 is divided by (n/21)/(2/12).
13
Let l = -187 + 132. Let i = -29 - l. Calculate the remainder when i is divided by 14.
12
Let l be 171/27 - (-5)/((-45)/(-6)). Suppose 5*t + l*t = 780. Calculate the remainder when t is divided by 34.
31
Let p = 49 - 28. Suppose 3*s - l = 11 + p, 3*l = -2*s + 25. Calculate the remainder when 618/15 - 2/10 is divided by s.
8
Let l be 99 + (0 - 0) + 3. Let g = l - 78. Calculate the remainder when g is divided by 7.
3
Let n(v) = 6*v**3 + 2*v**2 + 2*v + 1. Let a = -11 + 10. Let s be n(a). What is the remainder when (-1)/s - (-34)/5 is divided by 2?
1
Let r(u) = u**3 - 13*u**2 - u - 24. Let i be (0 - 3)*(-294)/63. What is the remainder when r(i) is divided by 40?
38
Let o = 2887 - 2801. What is the remainder when 346 is divided by o?
2
Suppose -6*c + v - 19 = -2*c, -v - 13 = 4*c. What is the remainder when 9 is divided by c/1 + 11 + -2?
4
Let r = 20 - -38. Suppose -y - 9 = -67*c + 72*c, 2*y = -5*c + 7. Calculate the remainder when r is divided by y.
10
Let w(x) = -x**2 - 4*x + 12. Let q = -6 - 0. Let r be w(q). Suppose -2*s = -y + 10, r = 7*y - 2*y - 5*s - 40. Calculate the remainder when 9 is divided by y.
3
Suppose 28*k - 31*k = -12. Suppose -2*z = -3*f + 16, 1 = f + k*z + 5. Calculate the remainder when 4 is divided by f.
0
Suppose -49*n = -192 - 249. Calculate the remainder when 21 is divided by n.
3
Let x(y) = -13*y + 4. Let d be x(-1). Let m = 34 - d. What is the remainder when m is divided by 4?
1
Suppose 5*l = 20, l - 5*l = 4*i - 200. Let w(o) = -10*o**3 - 15*o**2 - o - 6. What is the remainder when i is divided by w(-2)?
14
Let d(i) = i + 21. Let l be d(-9). What is the remainder when 36 is divided by ((-8)/l)/((-55)/(-57) + -1)?
17
Let o be -2 - (-18 + 0 + -2). Suppose o*n = 2*n + 176. What is the remainder when n is divided by 8?
3
Let q(t) = -43*t**2 + 2*t + 7. Let i(z) = 42*z**2 - z - 6. Let p(x) = 4*i(x) + 3*q(x). Calculate the remainder when p(1) is divided by 8.
6
Suppose 1 + 53 = 3*l + 4*z, -4*l + z = -72. What is the remainder when 413 is divided by l?
17
Let t = -732 + 737. Calculate the remainder when 84 is divided by t.
4
Let y(j) = -j**2 - 12*j + 3. Let q be y(-10). Suppose 0 = 3*s - q - 40. What is the remainder when 61 is divided by s?
19
Suppose -112 = -4*u + 2*m - 6*m, -2*u + 68 = -4*m. Calculate the remainder when 149 is divided by u.
29
Suppose -67 = -8*x - 3. What is the remainder when x is divided by 2?
0
Suppose 0 = v - 6 - 13. Let u = 39 + v. Calculate the remainder when u is divided by 6/4 - ((-196)/8 - -6).
18
Let l(b) = 80*b - 1. Suppose -4*s - 32 = -3*p - 8*s, s + 36 = 2*p. What is the remainder when l(1) is divided by p?
15
Suppose 0 = -3*c + 10*c - 21. Suppose -3*n + 21 = c. Suppose n*t - 100 = t. What is the remainder when 98 is divided by t?
18
What is the remainder when (300/(-24) - -22)/(1/18) is divided by 56?
3
Suppose -5*z - 10 = 0, 32 = 3*i - 2*z - 3